and x.
33
Let n(q) = 35*q + 1874. Let x be n(-53). Calculate the highest common divisor of 475 and x.
19
Suppose -3*a - 9 + 84 = 0. Suppose -23*f + a = -18*f. Calculate the highest common divisor of 5 and f.
5
Suppose 95*a - 86*a = 572 + 184. Suppose 0 = -2*q - 2*q. Suppose 2*x - 9 - 19 = q. Calculate the greatest common divisor of x and a.
14
Let c be (-12)/7 + -3*18/189 + 223. Calculate the highest common divisor of c and 1037.
17
Let z = 6211 + -6214. Suppose -2*u + 4*i = -i - 94, -3*i = 5*u - 204. Let s = u + z. What is the greatest common factor of 156 and s?
39
Suppose p + g - 127 = 0, -11*g + 15*g = p - 137. Let t = -83 + 169. What is the highest common factor of t and p?
43
Suppose -4*u + d = 199 - 494, -5*d = -4*u + 323. Let k be 6/(-15) - (-544)/10. What is the greatest common factor of k and u?
18
Let a(g) = 7 + 1 + 9 + 13*g - g**3 - 4*g**2 + 23. Let b be a(-8). Calculate the greatest common divisor of b and 128.
64
Suppose 0 = -2*d - 2*m + 170, 5*d - 92 - 327 = -2*m. What is the greatest common divisor of d and 16?
1
Let g(r) = 222*r - 8356. Let t be g(70). Calculate the greatest common factor of t and 16.
16
Let l be ((-592)/(-222))/((-4)/(-4242)). What is the greatest common divisor of 28 and l?
28
Let k(v) = 28*v**2 - 10*v - 44. Let j be k(13). What is the greatest common factor of 106 and j?
106
Let m = -206 + 204. Let q be m + (536/18 - (-6)/27). What is the highest common factor of q and 112?
28
Suppose 0 = -6*l - 15 - 39. Let w be -4 + 5 - l/3. Suppose 3*m + m - 4*f = 140, 0 = w*m + 4*f - 140. Calculate the greatest common factor of 10 and m.
5
Suppose -101*y + 31889 + 15481 = -4241. Calculate the highest common divisor of 2701 and y.
73
Let t(z) = z**3 + 10*z**2 - 11*z + 5. Let b be t(-11). Suppose -483 = -b*k + 1197. Calculate the highest common divisor of k and 48.
48
Let k = 17 + -13. Let z(h) = -h + 13. Let r be z(k). Suppose r*l - 90 = -0*l. Calculate the highest common divisor of l and 2.
2
Suppose 14*a - 16*a = 4*t + 1446, 5*a + 3623 = -2*t. Let d = -538 - a. Calculate the greatest common divisor of d and 51.
17
Suppose 0 = 187*q - 191*q + 580. Suppose -4*s - 5*z = -126, -s + z + 41 - 14 = 0. Calculate the highest common factor of q and s.
29
Let p(g) = -g**3 - 55*g**2 - 266*g - 215. Let v be p(-50). What is the highest common divisor of v and 325?
65
Let t be 12/3 - 0/(-3). Suppose -5*d - t*b + 28 = -27, -2*d - 3*b + 15 = 0. What is the highest common divisor of 135 and d?
15
Let u = 1430 + -1301. Calculate the highest common divisor of 4128 and u.
129
Let u(m) = -2*m**3 - 49*m**2 + 21*m - 13. Let y be u(-25). Calculate the greatest common divisor of 638 and y.
29
Suppose -11*a = s - 6*a - 300, 3*a + 268 = s. What is the highest common factor of 1344 and s?
56
Let r(p) = -589*p - 2789. Let x be r(-5). What is the greatest common factor of x and 2106?
78
Let n be (-4 + 11 + -5)/((-2)/(-457)). Suppose -454*u + n*u - 33 = 0. Calculate the highest common factor of u and 451.
11
Suppose 6972 = 32*r + 51*r. Calculate the highest common factor of 19446 and r.
42
Suppose 5*b - 3*k = 0, -5*b - 20 = -0*b - 7*k. Calculate the greatest common divisor of 144 and b.
3
Let x = 4149 + -3459. Calculate the greatest common factor of 1242 and x.
138
Let z(b) = 34 + 35*b + 45 - 17 + b**2. Let l be z(-34). What is the highest common factor of l and 378?
14
Let j(z) = 13*z**2 + 31*z + 90. Let m be j(-4). Calculate the greatest common divisor of m and 78.
6
Suppose 18*u = 17*u + 84. Suppose -3*j - 4*q - 7 = -87, 3*j - u = -3*q. Let l = -269 - -381. Calculate the highest common factor of l and j.
16
Let c(m) = -m**3 - 3*m**2 + 7*m + 9. Let w be c(-6). Suppose 33 = 3*s - w. Suppose 0 = -10*y + 38 + 22. What is the greatest common factor of y and s?
6
Let p be 18 - 1/(-2)*-6. Let c be -360*(32/24 - 2). Calculate the greatest common divisor of p and c.
15
Let y = 78 + -74. Suppose i = y*w - 3455 + 769, w - 670 = i. Calculate the greatest common divisor of 42 and w.
42
Suppose 15*v = -1693 + 4573. Suppose 19*i + v = 21*i. Let n be ((-24)/(-9))/(1/18). Calculate the greatest common divisor of i and n.
48
Let p = -192 + 186. Let a(d) = d**2 + 7*d + 26. Let q be a(p). Calculate the greatest common divisor of q and 80.
20
Suppose -48*i - 5106 = -42*i. Let x = -817 - i. Suppose 0*a - 17 = -a. What is the highest common divisor of a and x?
17
Let f = -294 - -544. Suppose -f = 29*x - 34*x. What is the highest common factor of 25 and x?
25
Suppose -9 + 24 = 3*r. Suppose 42 = 3*o + 3*m, -r*o - 12*m = -14*m - 63. Calculate the greatest common divisor of 13 and o.
13
Suppose -1478 - 23258 = -9*o + 119597. What is the highest common divisor of o and 609?
203
Let k = 464 - 409. Let y be (-85)/(-20) - 2/8. Suppose 2*a = -2*d + 38, y*a + 0*a + 12 = 0. Calculate the highest common divisor of d and k.
11
Suppose 423*d + 36 = 425*d. What is the highest common factor of d and 4?
2
Suppose -1826 + 326 = -12*h. Calculate the greatest common divisor of 185 and h.
5
Suppose -5*d + 3*z = 8*z + 690, -5*d + 3*z = 658. Let q = d + 135. Suppose 0 = 2*j + 3*u + 10, 6 = 2*j - 2*u - 4. What is the greatest common factor of j and q?
1
Let g(j) = -21*j + 98. Let w = -440 + 433. Let t be g(w). Calculate the greatest common divisor of 98 and t.
49
Suppose -3*j + 2*l + 3485 = -2*l, 0 = -4*j + 2*l + 4630. Let x(p) = 269*p + 1898. Let k be x(-7). Calculate the greatest common divisor of j and k.
15
Suppose -3*p - y + 59 = 0, y = -2*p + 4*y + 43. Suppose 158 = p*w - 62. What is the greatest common divisor of 44 and w?
11
Let u = -211 + 113. Let s = 6743 + -6628. Let c = s + u. Calculate the highest common divisor of c and 68.
17
Let q = -2576 - -4751. What is the greatest common factor of q and 58?
29
Let y = -8441 - -8781. What is the greatest common factor of 816 and y?
68
Let b be 5/15*0/(-6). Suppose 13*w - 88 - 3 = b. What is the greatest common factor of 287 and w?
7
Let g(l) = -l**2 + 89*l + 1570. Let q be g(86). Calculate the highest common divisor of q and 12.
4
Let l = 149 + -213. Let n be (-288)/l*20/6. What is the highest common divisor of n and 195?
15
Let l be (612/(-48) + 9)/(3 - (-3171)/(-1056)). What is the highest common factor of l and 370?
10
Let s be (2/(-14))/((-945)/630*(-4)/(-462)). Let l = -8 - -17. Let i = 2 + l. What is the highest common factor of i and s?
11
Let m = 757 + -211. Let o(u) = -u**2 + 15*u + 81. Let h be o(16). Let j be (m/h)/((-6)/(-20)). What is the highest common factor of j and 70?
14
Let y be ((-100)/(-3))/(14 + (-554704)/39627). What is the greatest common factor of y and 210?
210
Suppose -38*l + 2394 = 101*l - 6*l. What is the highest common divisor of l and 5274?
18
Let f be 2328/156 + 25 + (-3)/(-39). Calculate the highest common divisor of f and 16760.
40
Suppose -664*f - 1740 = -679*f. Calculate the highest common factor of 522 and f.
58
Suppose -4*d - 45 = -5*l + d, -2*l + d = -13. Let w be 560/28 - (1 - 9). Calculate the greatest common divisor of l and w.
4
Let y(i) = -25*i - 29. Let u be y(4). Let b = u - -132. Let d = 107 + -74. Calculate the highest common divisor of d and b.
3
Let b(l) = -l - 3. Let g be b(-22). Suppose 2*d = -3*p + 743, 7*p + d = 3*p + 989. What is the highest common factor of p and g?
19
Suppose -h - 14 = -3*t, -2*t + 5*h + 25 = -6. Suppose 0 = 2*c - t*c + 2*s + 25, 3*c + s - 96 = 0. What is the greatest common factor of c and 155?
31
Suppose 8*r + 30 = 2*r. Let i(a) = -7*a - 20. Let f be i(r). Suppose -9 = -6*c + f. What is the highest common divisor of c and 28?
4
Let x = 40 + -14. Let k(o) = o**2 + 321 - 4*o + 2*o - 35 - 13*o**3 + 12*o**3. Let b be k(0). What is the highest common factor of b and x?
26
Let b be 9 + 2/((126/35)/9). What is the highest common factor of b and 3598?
14
Let q be 60/(-6) + 1146/2 + 1. What is the highest common divisor of q and 2397?
141
Let t be (-9)/(3 + (0 - 4)). Suppose 28 = g + t. Suppose 4*s - 308 = -2*c, 0*c - 301 = -2*c + 3*s. Calculate the greatest common divisor of c and g.
19
Let x be (-3 - (-7)/2)*0. Let f be (x + 0 + 1)*8. Suppose -287*i = -282*i - 10. What is the greatest common factor of i and f?
2
Suppose -3*u - 305 + 296 = 0. Let v(y) = -10*y - 15. Let t be v(u). Calculate the highest common divisor of t and 120.
15
Let h = -139 + 132. Let p(k) = -k**2 